{"id":1454,"date":"2022-02-04T10:22:37","date_gmt":"2022-02-04T10:22:37","guid":{"rendered":"https:\/\/eqm.cesq.fr\/?page_id=1454"},"modified":"2022-02-05T08:53:27","modified_gmt":"2022-02-05T08:53:27","slug":"shannon-whitlock","status":"publish","type":"page","link":"https:\/\/eqm.cesq.fr\/index.php\/shannon-whitlock\/","title":{"rendered":"Shannon Whitlock"},"content":{"rendered":"\n<div class=\"wp-block-image is-style-rounded\"><figure class=\"alignleft is-resized\"><img loading=\"lazy\" decoding=\"async\" src=\"http:\/\/eqm.cesq.fr\/wp-content\/uploads\/2018\/08\/team_whitlock.jpg\" alt=\"\" class=\"wp-image-1074\" width=\"214\" height=\"214\" srcset=\"https:\/\/eqm.cesq.fr\/wp-content\/uploads\/2018\/08\/team_whitlock.jpg 256w, https:\/\/eqm.cesq.fr\/wp-content\/uploads\/2018\/08\/team_whitlock-150x150.jpg 150w\" sizes=\"auto, (max-width: 214px) 100vw, 214px\" \/><\/figure><\/div>\n\n\n\n<p>Professor, Laboratory of Exotic Quantum Matter<br>European Center for Quantum Sciences (CESQ) and ISIS<br>Universit\u00e9 de Strasbourg, France<\/p>\n\n\n\n<p><a href=\"mailto:whitlock@unistra.fr\">whitlock@unistra.fr<\/a>\u00a0\u00a0\u00a0\u00a0<a href=\"https:\/\/fr.linkedin.com\/in\/shannon-whitlock-32996a1ba\"><img loading=\"lazy\" decoding=\"async\" width=\"24\" height=\"20\" class=\"wp-image-1471\" style=\"width: 24px;\" src=\"http:\/\/eqm.cesq.fr\/wp-content\/uploads\/2022\/02\/LI-In-Bug.png\" alt=\"\" srcset=\"https:\/\/eqm.cesq.fr\/wp-content\/uploads\/2022\/02\/LI-In-Bug.png 635w, https:\/\/eqm.cesq.fr\/wp-content\/uploads\/2022\/02\/LI-In-Bug-300x255.png 300w, https:\/\/eqm.cesq.fr\/wp-content\/uploads\/2022\/02\/LI-In-Bug-560x450.png 560w\" sizes=\"auto, (max-width: 24px) 100vw, 24px\" \/><\/a> <\/p>\n\n\n\n<p>ORCID: <strong><a href=\"https:\/\/orcid.org\/0000-0002-6955-9326\">0000-0002-6955-9326<\/a><\/strong><br><a href=\"https:\/\/scholar.google.com\/citations?user=YmIeLCwAAAAJ&amp;hl=en\">Google Scholar<\/a><br><a href=\"https:\/\/www.researchgate.net\/profile\/Shannon-Whitlock-2\">Research Gate<\/a><\/p>\n\n\n\n<p>Shannon Whitlock is a professor in experimental quantum physics at the European Center for Quantum Sciences and the University of Strasbourg, France. He leads the Exotic Quantum Matter group (EQM) which explores the physics of complex quantum systems and applications for quantum simulation, quantum sensing and quantum computing. Shannon studied physics and completed his PhD at Swinburne University of Technology in Melbourne in 2007, followed by a Marie Curie postdoctoral fellowship at the University of Amsterdam. In 2010, he moved to the University of Heidelberg in Germany where he started his own research group and advanced quantum physics laboratory thanks to a prestigious Emmy Noether grant from the German Research Foundation (DFG). He is strongly involved in several major research and training programmes, including the International Graduate School and Interdisciplinary Thematic Institute in \u201cQuantum Science and Nanomaterials\u201d (QMat), EU doctoral programmes MOQS and QUSTEC, and the new public infrastructure for quantum computing aQCess.<\/p>\n\n\n\n<p><strong>Keywords:<\/strong> quantum simulation,  non-equilibrium physics, complex systems, Rydberg atoms, quantum technology<\/p>\n\n\n\n<h4 class=\"wp-block-heading\" id=\"short-cv\"><strong>Short CV<\/strong><\/h4>\n\n\n\n<figure class=\"wp-block-table is-style-regular\"><table><tbody><tr><td>Currently<\/td><td>Full professor (Professeur des Universit\u00e9s, PU1), University of Strasbourg,<br>France, and Director of the Exotic Quantum Matter group at the European Center<br>for Quantum Sciences (CESQ) and ISIS (UMR7006).<br>Current group: 1 permanent researcher (CNRS), 1 postdoc, and 3 PhD<\/td><\/tr><tr><td>2017 \u2013 2018<\/td><td>Professeur associ\u00e9, IPCMS (UMR7504), University of Strasbourg &amp; CNRS<\/td><\/tr><tr><td>2013 \u2013 2017<\/td><td>Emmy Noether group leader. Ruprecht-Karls University Heidelberg, Germany<\/td><\/tr><tr><td>2010 \u2013 2012<\/td><td>Co-Principal Investigator. Ruprecht-Karls University Heidelberg, Germany<\/td><\/tr><tr><td>2007 \u2013 2010<\/td><td>Marie Curie Postdoctoral Fellow. University of Amsterdam, The Netherlands<\/td><\/tr><tr><td>2004 &#8211; 2007<\/td><td>Ph.D.: Bose-Einstein Condensation on a Magnetic Film Atom Chip (Oct 2007)<br>Swinburne University of Technology, Australia and Australian Research Council<br>Center of Excellence for Quantum Atom Optics (ACQAO)<\/td><\/tr><\/tbody><\/table><\/figure>\n\n\n\n<h4 class=\"wp-block-heading\" id=\"current-projects\"><strong>Current projects<\/strong><\/h4>\n\n\n\n<ul class=\"wp-block-list\"><li>ANR EquipEx+\/PEPR Quantique Atomic quantum computing as a service &#8211; aQCess<br>Coordinator of an international consortium to advanced quantum computing hardware based on atomic qubits and multidisciplinary applications<\/li><li>DFG Collaborative Research Project &#8220;Non-equilibrium universality in driven Rydberg gases&#8221;<br>Part of the SPP &#8211; GiRyd, Collaborators <a href=\"https:\/\/www.thp.uni-koeln.de\/diehl\/index.html\">Sebastien Diehl<\/a> and <a href=\"http:\/\/www.thp.uni-koeln.de\/~buchhold\/\">Michael Buchhold<\/a> (K\u00f6ln)<\/li><li>CEFIPRA Collaborative Research Project &#8220;Q-Walker: programmable quantum dynamics simulator&#8221;<br>Collaborator: Sebastian W\u00fcster (Bhopal)<\/li><li>MSCA ITN MOQS &#8211; Molecular Quantum Simulations <br>Training network for 15 Early Stage Researchers in the field of quantum computing and simulations of molecular structure and dynamics for the chemical and pharmaceutical industries<\/li><li>MSCA COFUND QUSTEC &#8211; Quantum science and technology at the European Campus<br>Training network for 37 ESRs in the field of quantum science and technology at the EUCOR partner universities of Strasbourg (FR), Basel (CH), Freiburg (DE), KIT (DE) and IBM Research (CH)<\/li><\/ul>\n\n\n\n<h4 class=\"wp-block-heading\" id=\"teaching\"><strong>Teaching<\/strong><\/h4>\n\n\n\n<ul class=\"wp-block-list\"><li>Introduction to Quantum Science and Technology, joint course with <a href=\"https:\/\/mbqd.de\/author\/martin-garttner\/\">Martin G\u00e4rttner<\/a> (Heidelberg University)<\/li><li>Photonics for Quantum Science and Technology<\/li><li>Open Quantum Systems, with J\u00e9r\u00e9mie L\u00e9onard (IPCMS, Strasbourg)<\/li><li>Many-body quantum physics, with <a href=\"https:\/\/jschache.github.io\/\">Johannes Schachenmayer<\/a> (CESQ, Strasbourg)<\/li><li>Quantum Mechanics tutorials<\/li><\/ul>\n\n\n\n<h4 class=\"wp-block-heading\" id=\"national-and-international-responsibilities\">National and International responsibilities<\/h4>\n\n\n\n<ul class=\"wp-block-list\"><li>Co-coordinator of the EFEQT Master pilot programme of the QTEdu CSA<\/li><li>SPIE Europe <a href=\"https:\/\/spie.org\/EPE\/conferencedetails\/quantum-technologies?SSO=1\">Quantum Technologies Conference<\/a> Chair <\/li><li>Coordinator for the ANR EquipEx+\/PEPR platform aQCess<\/li><li>Executive committee member for the Interdisciplinary Thematic Institute Quantum Science and Nanomaterials (QMat)<\/li><li>Coordinator of the Eucor seed money project \u00ab Machine Learning for Quantum \u00bb<\/li><li>Training officer, MSCA-ITN Molecular quantum simulations (MOQS, lead Unistra)<\/li><li>Steering committee and training officer, MSCA-COFUND-DP Quantum Science and Technologies at the European Campus (QUSTEC)<\/li><\/ul>\n\n\n\n<script type=\"text\/javascript\">\n<!--\nvar arxiv_authorid = \"whitlock_s_1\";\nvar arxiv_format = \"arxiv\";\nvar arxiv_max_entries = 5;\nvar arxiv_includeJournalRef = 1;\nvar arxiv_includeComments = 0;\nvar arxiv_includeSubjects = 0;\nvar arxiv_includeDOI = 0;\n\/\/--><\/script>\n<style type=\"text\/css\">\ndiv.arxivfeed {margin-bottom: 5px; width:100%; font-size:normal}\n<\/style>\n<script type=\"text\/javascript\" src=\"https:\/\/arxiv.org\/js\/myarticles.js\">\n<\/script>\n\n\n<div id=\"arxivfeed\"><\/div>\n\n\n\n<p><\/p>\n","protected":false},"excerpt":{"rendered":"<p>Professor, Laboratory of Exotic Quantum MatterEuropean Center for Quantum Sciences (CESQ) and ISISUniversit\u00e9 de Strasbourg, France whitlock@unistra.fr\u00a0\u00a0\u00a0\u00a0 ORCID: 0000-0002-6955-9326Google ScholarResearch Gate Shannon Whitlock is a professor in experimental quantum physics at the European Center for Quantum Sciences and the University of Strasbourg, France. He leads the Exotic Quantum Matter group (EQM) which explores the physics&#8230;<\/p>\n","protected":false},"author":1,"featured_media":0,"parent":0,"menu_order":0,"comment_status":"closed","ping_status":"closed","template":"","meta":{"footnotes":""},"class_list":["post-1454","page","type-page","status-publish","hentry"],"_links":{"self":[{"href":"https:\/\/eqm.cesq.fr\/index.php\/wp-json\/wp\/v2\/pages\/1454","targetHints":{"allow":["GET"]}}],"collection":[{"href":"https:\/\/eqm.cesq.fr\/index.php\/wp-json\/wp\/v2\/pages"}],"about":[{"href":"https:\/\/eqm.cesq.fr\/index.php\/wp-json\/wp\/v2\/types\/page"}],"author":[{"embeddable":true,"href":"https:\/\/eqm.cesq.fr\/index.php\/wp-json\/wp\/v2\/users\/1"}],"replies":[{"embeddable":true,"href":"https:\/\/eqm.cesq.fr\/index.php\/wp-json\/wp\/v2\/comments?post=1454"}],"version-history":[{"count":21,"href":"https:\/\/eqm.cesq.fr\/index.php\/wp-json\/wp\/v2\/pages\/1454\/revisions"}],"predecessor-version":[{"id":1606,"href":"https:\/\/eqm.cesq.fr\/index.php\/wp-json\/wp\/v2\/pages\/1454\/revisions\/1606"}],"wp:attachment":[{"href":"https:\/\/eqm.cesq.fr\/index.php\/wp-json\/wp\/v2\/media?parent=1454"}],"curies":[{"name":"wp","href":"https:\/\/api.w.org\/{rel}","templated":true}]}}